the greatest common divisor of r and 208.
26
Let w(k) = -k + 4. Let h be w(7). Let u be 16/(((-3)/h)/1). Suppose 0 = f + s - 139, 132*s = 4*f + 131*s - 581. What is the greatest common factor of u and f?
16
Suppose -2*b = 11*b + 2210. Let y = -95 - b. Calculate the greatest common divisor of 125 and y.
25
Let l(v) = -v**3 + 9*v**2 + 190*v + 147. Let h be l(-10). What is the greatest common divisor of h and 2667?
21
Let k = 822 - 660. Calculate the greatest common divisor of 342 and k.
18
Let i be -6*(-3)/(18/147). Let v(q) be the first derivative of q**4 - q**3 + q + 3. Let o be v(2). Calculate the greatest common factor of i and o.
21
Suppose 2*v - 23 = 3*t, 4*v - 22 = t - 3*t. Let n be (-27)/(-63) + 291/v. What is the greatest common factor of n and 126?
42
Suppose -4*d - 383 + 1232 = -5*l, 2*l + 2*d + 336 = 0. Let g = l - -247. What is the greatest common factor of 429 and g?
39
Let q = 5414 - 5034. What is the highest common factor of 532 and q?
76
Let i = -7182 + 7195. Calculate the highest common divisor of 31 and i.
1
Let t(n) = 16*n**2 - 1. Let r be t(-1). Let h(w) = -2*w**2 + 24*w + 148. Let s be h(16). Calculate the greatest common divisor of s and r.
5
Let y be -5 + 1*(3 - -7). Suppose -r - 4 = 0, 3*n - y*r = -n + 80. Calculate the highest common divisor of n and 12.
3
Let z(u) = -u**2 - 54*u + 118. Let v be z(-56). Let r(g) = 120*g**2. Let x be r(-1). Suppose n = 6*n - x. What is the highest common factor of v and n?
6
Let l(w) = 32*w - 154. Suppose 13*a = 17*a - 44. Let y be l(a). Calculate the highest common factor of y and 18.
18
Let t be (128/(-32) - 46/(-10)) + 5656/40. What is the highest common factor of 23288 and t?
142
Suppose -5*x + 16*x - 1265 = -12*x. Calculate the greatest common divisor of 2992 and x.
11
Let t(d) = -25*d + 1288. Let f be t(51). Let y be 3068/(-2)*((-25)/(-10) + -3). What is the greatest common factor of f and y?
13
Let n = -194 + 218. Suppose -n*b = -162 - 918. Suppose 2*a + 3*l - 45 = 0, -3*l + 9 = -0. Calculate the greatest common factor of b and a.
9
Let p be (-9)/(-6) - ((-64095)/30 + 2). What is the greatest common factor of p and 48?
24
Let a be 6*(-2)/((-16)/12). Suppose 5*q = -d - a, 6 = 5*d - 2*d + 4*q. Suppose d*t = 172 - 52. What is the greatest common divisor of 220 and t?
20
Let t = -1206 - -4090. Calculate the greatest common factor of t and 28.
28
Suppose 12*x - 5712 = -22*x. Suppose x = 15*o - 12*o. What is the highest common divisor of 392 and o?
56
Let l be (63/4)/(-1)*-4. Suppose 0 = 39*f - 2355 + 522. Suppose -59*d + f*d + 84 = 0. What is the highest common factor of l and d?
7
Let h = -3802 + 3939. Calculate the greatest common factor of 2192 and h.
137
Suppose -4*u = -4*n + n - 7, -2*u - 3*n = -17. Let a = -327 - -444. Suppose u*l = a + 147. What is the greatest common factor of 6 and l?
6
Let p = -1005 - -1007. Suppose 96 = 4*i + 2*k, -p*k + 21 - 93 = -3*i. Suppose 80 = o - 6*w + w, w + 4 = 0. Calculate the highest common divisor of o and i.
12
Suppose 5*q - 186 = -3*v, 4*q - 160 = v - 1. Let c(r) = 53*r - 425. Let i be c(9). Calculate the greatest common divisor of i and q.
13
Let k be (1/(-9) + (-2)/(-6))/(114/29754). Calculate the highest common factor of k and 3277.
29
Let v(n) = 73*n - 248. Let w be v(4). What is the highest common factor of 4444 and w?
44
Let d(s) = -32*s - 1. Suppose 2*x - 14 = 3*t, 0 = 4*t + 8*x - 5*x - 4. Let j be d(t). What is the highest common divisor of 18 and j?
9
Suppose 0 = 3*f - 9*a + 16 - 250, 5*f - a = 488. Let x be 11*((1 - 0) + 0). What is the highest common divisor of f and x?
11
Let h be (34/(-4))/((-14)/1848). Suppose -l - h = -34*l. Calculate the greatest common divisor of 17 and l.
17
Suppose -2*g - 2*g = -132. Let o(h) = -2*h + 20. Let r be o(6). Suppose 296 = -r*j + 2672. Calculate the greatest common divisor of g and j.
33
Suppose 5*o = 5*g + 3 - 18, 2*g + o = 9. Suppose -l + 2*l - g*m - 1 = 0, 3*l - 24 = 5*m. Let w = 129 - -1. What is the greatest common divisor of w and l?
13
Let a be 56/(-2)*(34/(-6) + (-544)/408). Calculate the highest common factor of 308 and a.
28
Suppose 234 = -3346*j + 3359*j. What is the highest common divisor of j and 4338?
18
Suppose -1006 = -5*w - 4*t, -2*w - 2*t = -237 - 167. Suppose 0 = -b + 19*b - w. Suppose 16 = 2*s - 72. What is the highest common divisor of b and s?
11
Let b be (-167)/(-5) - ((-114)/15 + 8). Suppose -b - 9 = -3*h + t, 0 = 4*t. Calculate the highest common factor of 98 and h.
14
Let a = -1508 + 1580. Suppose 88*c - 82*c = 18. What is the highest common divisor of c and a?
3
Let v = -216 - -217. Let z be v + 567/33 - (-50)/(-275). Calculate the highest common factor of z and 99.
9
Let m = 2307 - 1547. Suppose -8*p + m = 2*p. Suppose 3*x - 7*x + p = 0. Calculate the highest common factor of 38 and x.
19
Suppose 30*i + 37*i - 1785 - 2570 = 0. What is the highest common divisor of 235 and i?
5
Suppose -2081 - 2310 = -4*p + 3*q, -4*q = -5*p + 5488. Calculate the highest common divisor of 44 and p.
44
Suppose -49*b + 616 = 18*b + 21*b. Let s(z) = 2*z**2 - 3*z + 3. Let m be s(5). Let y = m + b. Calculate the greatest common divisor of 225 and y.
45
Let q(b) = b**2 + 10*b + 18. Let z be q(-11). Let u = -25 + z. Suppose 0 = -2*t + 5*t - 84. What is the greatest common factor of t and u?
4
Let b = 647 - 640. Suppose 4*y + 72 = 4*z, -6*y + 12 = -5*z + b*z. Calculate the highest common factor of z and 15.
15
Let b be -17 + (11 - 13)*-18. What is the greatest common divisor of b and 5833?
19
Let r be (-156)/286 - 144/(-22). Let o(v) = 4*v. Let g be o(1). Let n be (-2)/2 + 3 + g. What is the greatest common divisor of n and r?
6
Let n(c) = 11*c - 1. Let l be n(4). Let s = l + -43. Suppose 9*x - 75 - 105 = s. Calculate the highest common factor of x and 220.
20
Suppose -2*v = 1647*d - 1650*d + 134, -3*v + 207 = 4*d. What is the greatest common divisor of 7648 and d?
16
Suppose -3*l + 86 = -4*z + 363, -79 = l + 2*z. Let j = 100 + l. What is the highest common divisor of j and 13?
13
Let w(m) = m**2 - 2*m - 14. Let t be w(5). Let u be (2/(-5))/(t/(-35)). Suppose -5*k = -714 - 56. Calculate the highest common divisor of k and u.
14
Let j be (-16522803)/(-13113) + (-1)/31. Calculate the highest common factor of 1428 and j.
84
Suppose 4*j - 1 = -a - 2, -4*a + 53 = -3*j. Suppose 932 = 12*n - 8*n. Let c = n - 156. Calculate the greatest common factor of a and c.
11
Let y be 5*(3 - -1)/4. Suppose -5271 = -y*c - 3*t, c - 5*t + 10*t - 1063 = 0. Calculate the greatest common divisor of 78 and c.
39
Let m be -1 - (-7)/(7/127). Let p be (-154)/(-6) + (-84)/m. Calculate the greatest common factor of 45 and p.
5
Suppose -4*n + 185 = -f + 41, 3*f - 180 = -5*n. Let i = n + -32. Suppose 0 = i*u - 4*g - 272, 3*g = -0*g + 3. What is the highest common factor of 23 and u?
23
Suppose -2*a - 108 = -5*a. Suppose -120 = -4*k + a. Let m = -33 + k. Calculate the highest common factor of m and 54.
6
Let b(r) = -r. Let f be b(8). Let p be (2 - 12/5)*(-117 + f). Suppose 0 = -79*a + 77*a + 900. Calculate the highest common divisor of p and a.
50
Let h be ((-104)/24 - 2/3)/(-1). Suppose 0 = 7*r + h*r - 228. What is the greatest common factor of 608 and r?
19
Suppose -3*z = 2*q - 1834, 2*z - 99*q + 100*q - 1222 = 0. Calculate the highest common factor of z and 1098.
122
Let q = 31 + -29. Suppose 2*g = c - 69, q*c - 3*c = 1. Let o be ((-2)/(-5))/((-1)/g) + 2. Calculate the greatest common divisor of o and 128.
16
Suppose -h - 504 = -29*h. Let x be ((-336)/h)/(6/(-9)) - -6. Suppose -3*l = -a - 710, 5*a - 1210 = -3*l - 2*l. What is the greatest common divisor of x and l?
34
Let k(z) = -66*z - 2981. Let o be k(-113). What is the greatest common factor of o and 74?
37
Let p(b) = 638*b + 4049. Let a be p(-6). What is the greatest common divisor of a and 351?
13
Suppose 0 = 2*y - 5*h - 2166, 3*y + 15*h - 14*h - 3215 = 0. Calculate the greatest common divisor of y and 74.
37
Suppose -w + 3*f = 7*f + 16, 12 = -2*w - 4*f. Suppose 16*s = -w*j + 18*s + 200, 5*s = j - 41. What is the greatest common factor of 663 and j?
51
Let l(i) = 10*i - 42. Let u be l(5). Suppose 15 = 2*a + 5. Suppose -2*s - a*c + 0 + 11 = 0, 3*s + 4*c = 20. What is the greatest common divisor of u and s?
8
Let d(b) = 37*b + 5. Let v be d(1). Suppose -16*w - w = -4998